{"id":291,"date":"2022-06-13T14:59:56","date_gmt":"2022-06-13T11:59:56","guid":{"rendered":"https:\/\/demo.turevmedya.com\/yvzconsept\/?page_id=291"},"modified":"2022-06-13T15:50:55","modified_gmt":"2022-06-13T12:50:55","slug":"urunlerimiz","status":"publish","type":"page","link":"https:\/\/demo.turevmedya.com\/yvzconsept\/urunlerimiz\/","title":{"rendered":"\u00dcr\u00fcnlerimiz"},"content":{"rendered":"\n\n  \n    <div id=\"cats-1021431438\" class=\"row large-columns-4 medium-columns-3 small-columns-2 row-small row-masonry\" data-packery-options='{\"itemSelector\": \".col\", \"gutter\": 0, \"presentageWidth\" : true}'>\n\n  <div class=\"product-category col\" >\n            <div class=\"col-inner\">\n              <a aria-label=\"Al\u00fcminyum \u00fcr\u00fcn kategorisini ziyaret et\" href=\"https:\/\/demo.turevmedya.com\/yvzconsept\/product-category\/aluminyum\/\">                <div class=\"box box-category has-hover box-normal \">\n                <div class=\"box-image\" >\n                  <div class=\"\" >\n                  <img loading=\"lazy\" decoding=\"async\" src=\"https:\/\/demo.turevmedya.com\/yvzconsept\/wp-content\/uploads\/2022\/06\/alm.png\" alt=\"Al\u00fcminyum\" width=\"300\" height=\"300\" \/>                                                      <\/div>\n                <\/div>\n                <div class=\"box-text text-center\" >\n                  <div class=\"box-text-inner\">\n                      <h5 class=\"uppercase header-title\">\n                              Al\u00fcminyum                      <\/h5>\n                                            \n                  <\/div>\n                <\/div>\n                <\/div>\n            <\/a>            <\/div>\n            <\/div><div class=\"product-category col\" >\n            <div class=\"col-inner\">\n              <a aria-label=\"Galvaniz \u00fcr\u00fcn kategorisini ziyaret et\" href=\"https:\/\/demo.turevmedya.com\/yvzconsept\/product-category\/galvaniz\/\">                <div class=\"box box-category has-hover box-normal \">\n                <div class=\"box-image\" >\n                  <div class=\"\" >\n                  <img loading=\"lazy\" decoding=\"async\" src=\"https:\/\/demo.turevmedya.com\/yvzconsept\/wp-content\/uploads\/2022\/06\/gaa.jpg\" alt=\"Galvaniz\" width=\"300\" height=\"300\" \/>                                                      <\/div>\n                <\/div>\n                <div class=\"box-text text-center\" >\n                  <div class=\"box-text-inner\">\n                      <h5 class=\"uppercase header-title\">\n                              Galvaniz                      <\/h5>\n                                            \n                  <\/div>\n                <\/div>\n                <\/div>\n            <\/a>            <\/div>\n            <\/div><div class=\"product-category col\" >\n            <div class=\"col-inner\">\n              <a aria-label=\"Mobilya \u00fcr\u00fcn kategorisini ziyaret et\" href=\"https:\/\/demo.turevmedya.com\/yvzconsept\/product-category\/mobilya\/\">                <div class=\"box box-category has-hover box-normal \">\n                <div class=\"box-image\" >\n                  <div class=\"\" >\n                  <img loading=\"lazy\" decoding=\"async\" src=\"https:\/\/demo.turevmedya.com\/yvzconsept\/wp-content\/uploads\/2022\/06\/banyooooo.png\" alt=\"Mobilya\" width=\"300\" height=\"300\" \/>                                                      <\/div>\n                <\/div>\n                <div class=\"box-text text-center\" >\n                  <div class=\"box-text-inner\">\n                      <h5 class=\"uppercase header-title\">\n                              Mobilya                      <\/h5>\n                                            \n                  <\/div>\n                <\/div>\n                <\/div>\n            <\/a>            <\/div>\n            <\/div><div class=\"product-category col\" >\n            <div class=\"col-inner\">\n              <a aria-label=\"Plastik \u00fcr\u00fcn kategorisini ziyaret et\" href=\"https:\/\/demo.turevmedya.com\/yvzconsept\/product-category\/plastik\/\">                <div class=\"box box-category has-hover box-normal \">\n                <div class=\"box-image\" >\n                  <div class=\"\" >\n                  <img loading=\"lazy\" decoding=\"async\" src=\"https:\/\/demo.turevmedya.com\/yvzconsept\/wp-content\/uploads\/2022\/06\/plastik-boru.png\" alt=\"Plastik\" width=\"300\" height=\"300\" \/>                                                      <\/div>\n                <\/div>\n                <div class=\"box-text text-center\" >\n                  <div class=\"box-text-inner\">\n                      <h5 class=\"uppercase header-title\">\n                              Plastik                      <\/h5>\n                                            \n                  <\/div>\n                <\/div>\n                <\/div>\n            <\/a>            <\/div>\n            <\/div><div class=\"product-category col\" >\n            <div class=\"col-inner\">\n              <a aria-label=\"Su Armat\u00fcrleri \u00fcr\u00fcn kategorisini ziyaret et\" href=\"https:\/\/demo.turevmedya.com\/yvzconsept\/product-category\/su-armaturleri\/\">                <div class=\"box box-category has-hover box-normal \">\n                <div class=\"box-image\" >\n                  <div class=\"\" >\n                  <img loading=\"lazy\" decoding=\"async\" src=\"https:\/\/demo.turevmedya.com\/yvzconsept\/wp-content\/uploads\/2022\/06\/armatr.png\" alt=\"Su Armat\u00fcrleri\" width=\"300\" height=\"300\" \/>                                                      <\/div>\n                <\/div>\n                <div class=\"box-text text-center\" >\n                  <div class=\"box-text-inner\">\n                      <h5 class=\"uppercase header-title\">\n                              Su Armat\u00fcrleri                      <\/h5>\n                                            \n                  <\/div>\n                <\/div>\n                <\/div>\n            <\/a>            <\/div>\n            <\/div><\/div>\n\n\n","protected":false},"excerpt":{"rendered":"","protected":false},"author":1,"featured_media":0,"parent":0,"menu_order":0,"comment_status":"closed","ping_status":"closed","template":"page-left-sidebar.php","meta":{"footnotes":""},"class_list":["post-291","page","type-page","status-publish","hentry"],"jetpack_sharing_enabled":true,"_links":{"self":[{"href":"https:\/\/demo.turevmedya.com\/yvzconsept\/wp-json\/wp\/v2\/pages\/291","targetHints":{"allow":["GET"]}}],"collection":[{"href":"https:\/\/demo.turevmedya.com\/yvzconsept\/wp-json\/wp\/v2\/pages"}],"about":[{"href":"https:\/\/demo.turevmedya.com\/yvzconsept\/wp-json\/wp\/v2\/types\/page"}],"author":[{"embeddable":true,"href":"https:\/\/demo.turevmedya.com\/yvzconsept\/wp-json\/wp\/v2\/users\/1"}],"replies":[{"embeddable":true,"href":"https:\/\/demo.turevmedya.com\/yvzconsept\/wp-json\/wp\/v2\/comments?post=291"}],"version-history":[{"count":2,"href":"https:\/\/demo.turevmedya.com\/yvzconsept\/wp-json\/wp\/v2\/pages\/291\/revisions"}],"predecessor-version":[{"id":305,"href":"https:\/\/demo.turevmedya.com\/yvzconsept\/wp-json\/wp\/v2\/pages\/291\/revisions\/305"}],"wp:attachment":[{"href":"https:\/\/demo.turevmedya.com\/yvzconsept\/wp-json\/wp\/v2\/media?parent=291"}],"curies":[{"name":"wp","href":"https:\/\/api.w.org\/{rel}","templated":true}]}}